{"id":643,"date":"2025-11-24T21:18:27","date_gmt":"2025-11-24T20:18:27","guid":{"rendered":"https:\/\/fisc-neuro.com.pl\/?page_id=643"},"modified":"2025-11-26T06:57:51","modified_gmt":"2025-11-26T05:57:51","slug":"elementor-643","status":"publish","type":"page","link":"https:\/\/fisc-neuro.com.pl\/?page_id=643","title":{"rendered":"Elementor #643"},"content":{"rendered":"\t\t<div data-elementor-type=\"wp-page\" data-elementor-id=\"643\" class=\"elementor elementor-643\">\n\t\t\t\t<div class=\"elementor-element elementor-element-4ff0ca00 e-flex e-con-boxed e-con e-parent\" data-id=\"4ff0ca00\" data-element_type=\"container\" data-settings=\"{&quot;background_background&quot;:&quot;gradient&quot;,&quot;shape_divider_bottom&quot;:&quot;waves&quot;}\">\n\t\t\t\t\t<div class=\"e-con-inner\">\n\t\t\t\t<div class=\"elementor-shape elementor-shape-bottom\" aria-hidden=\"true\" data-negative=\"false\">\n\t\t\t<svg xmlns=\"http:\/\/www.w3.org\/2000\/svg\" viewBox=\"0 0 1000 100\" preserveAspectRatio=\"none\">\n\t<path class=\"elementor-shape-fill\" d=\"M421.9,6.5c22.6-2.5,51.5,0.4,75.5,5.3c23.6,4.9,70.9,23.5,100.5,35.7c75.8,32.2,133.7,44.5,192.6,49.7\n\tc23.6,2.1,48.7,3.5,103.4-2.5c54.7-6,106.2-25.6,106.2-25.6V0H0v30.3c0,0,72,32.6,158.4,30.5c39.2-0.7,92.8-6.7,134-22.4\n\tc21.2-8.1,52.2-18.2,79.7-24.2C399.3,7.9,411.6,7.5,421.9,6.5z\"\/>\n<\/svg>\t\t<\/div>\n\t\t\t\t<div class=\"elementor-element elementor-element-3d275bed elementor-widget elementor-widget-heading\" data-id=\"3d275bed\" data-element_type=\"widget\" data-widget_type=\"heading.default\">\n\t\t\t\t<div class=\"elementor-widget-container\">\n\t\t\t\t\t<h1 class=\"elementor-heading-title elementor-size-default\">THANK YOU <\/h1>\t\t\t\t<\/div>\n\t\t\t\t<\/div>\n\t\t\t\t\t<\/div>\n\t\t\t\t<\/div>\n\t\t<div class=\"elementor-element elementor-element-7b8efa7e e-flex e-con-boxed e-con e-parent\" data-id=\"7b8efa7e\" data-element_type=\"container\" data-settings=\"{&quot;background_background&quot;:&quot;classic&quot;}\">\n\t\t\t\t\t<div class=\"e-con-inner\">\n\t\t\t\t<div class=\"elementor-element elementor-element-d6a12be elementor-widget elementor-widget-text-editor\" data-id=\"d6a12be\" data-element_type=\"widget\" data-widget_type=\"text-editor.default\">\n\t\t\t\t<div class=\"elementor-widget-container\">\n\t\t\t\t\t\t\t\t\t<p>On November 15th, 2025, the 9th edition of the International Student Conference \u201cFrontiers in Neurology, Neurophysiology, Neuropharmacology and Neurorehabilitation,\u201d organized by the Student Scientific Circle of Neurophysiologists of the Student Scientific Society at the Poznan University of Medical Sciences, took place. The conference was held in a hybrid format. It was officially endorsed by the Rector of the University, Prof. Zbigniew Krasi\u0144ski, the European Academy of Neurology, the Director of the Wiktor Dega Orthopaedic and Rehabilitation Hospital Dr. hab. Przemys\u0142aw Daroszewski, the Student Scientific Society of the Poznan University of Medical Sciences, the Polish Society of Clinical Neurophysiology, the Greater Poland Medical Chamber, and many other distinguished partners.<\/p><p>A total of over 100 participants from all over Poland and 14 attendees from the United States, Taiwan, and the Netherlands took part in the event. Eight experts delivered lectures, and 17 student reports were presented. The conference was preceded by an extensive program of practical workshops in electromyography and methods for assessing nervous system excitability.<\/p><p>The conference was opened by the Director of the Wiktor Dega Orthopaedic and Rehabilitation Clinical Hospital in Pozna\u0144, Dr. hab. Przemys\u0142aw Daroszewski. During the expert session, participants had the opportunity to hear lectures from specialists in anesthesiology, including Dr. Ma\u0142gorzata Reysner and Dr. Tomasz Reysner, who addressed the neurophysiological foundations of pain modulation through regional analgesics and anesthetic management during scoliosis surgery. Surgeon Micha\u0142 G\u00f3recki, MD, presented strategies for brachial plexus reconstruction after injuries and discussed principles of cooperation between surgeons and neurophysiologists. Dr. Agnieszka Wiertel-Krawczuk gave a lecture on the differential diagnosis of thoracic outlet syndrome versus C8 nerve root injury. Anna Krzy\u017ca\u0144ska, MSc, shared insights into the technology and application of exoskeletons in the rehabilitation of cerebral palsy, while Jakub Matuska, MSc, discussed the role of physiotherapy in managing chronic musculoskeletal pain. Prof. Juliusz Huber, MD, PhD, addressed the neurophysiological analysis of spinal pathways responsible for reflex locomotion, and Dr. Maciej Wiktor Klimasi\u0144ski presented methodologies for treating chronic pain using pulsed neuromodulation.<\/p><p>In the student competition session, 17 speakers presented their work. The jury consisted of Dr. Agnieszka Wiertel-Krawczuk, Dr. Katarzyna Leszczy\u0144ska, and Prof. Juliusz Huber. In addition to excellent awards for the top six places, all abstracts were published in the journal <em>Issues of Rehabilitation, Orthopaedics, Neurophysiology and Sport Promotion<\/em>. The winners were:<\/p><ul><li><p><strong>1st place:<\/strong> Miko\u0142aj Sobczak (Wroc\u0142aw Medical University)<\/p><\/li><li><p><strong>2nd place:<\/strong> Kamil Nowaczyk (Wroc\u0142aw Medical University)<\/p><\/li><li><p><strong>3rd place:<\/strong> Mateusz Zaj\u0105czkowski (Jagiellonian University Medical College)<\/p><\/li><\/ul><p>Honorable mentions were awarded to Julia Naskrent (Wroc\u0142aw Medical University), Patrycja Krysiak (Poznan University of Medical Sciences), and Marta Ko\u017ami\u0144czuk (Wroc\u0142aw Medical University). The student session concluded with a quiz for the participants, featuring prizes.<\/p><p>The organization and execution of the entire event were the result of the hard work of many ambitious young researchers.<\/p><p><strong>Organizing Committee of the \u201c9th Pozna\u0144 Students International Conference Frontiers in Neurology, Neurophysiology and Neuropharmacology\u201d<\/strong><\/p><ul><li><p><strong>Matylda Witkowska<\/strong>, 5th-year Physiotherapy student at PUMS, Vice-President of the Student Scientific Circle of Neurophysiologists<\/p><\/li><li><p><strong>J\u0119drzej Pepli\u0144ski<\/strong>, 5th-year Physiotherapy student at PUMS, President of the Student Scientific Circle of Neurophysiologists<\/p><\/li><li><p><strong>Prof. Juliusz Huber, MD, PhD<\/strong>, Head of the Department of Pathophysiology of the Locomotor System<\/p><\/li><\/ul>\t\t\t\t\t\t\t\t<\/div>\n\t\t\t\t<\/div>\n\t\t\t\t<div class=\"elementor-element elementor-element-3f9d1bf0 elementor-widget elementor-widget-image-carousel\" data-id=\"3f9d1bf0\" data-element_type=\"widget\" data-settings=\"{&quot;slides_to_show&quot;:&quot;4&quot;,&quot;slides_to_scroll&quot;:&quot;1&quot;,&quot;navigation&quot;:&quot;none&quot;,&quot;pause_on_hover&quot;:&quot;no&quot;,&quot;slides_to_show_tablet&quot;:&quot;3&quot;,&quot;slides_to_show_mobile&quot;:&quot;1&quot;,&quot;autoplay&quot;:&quot;yes&quot;,&quot;pause_on_interaction&quot;:&quot;yes&quot;,&quot;autoplay_speed&quot;:5000,&quot;infinite&quot;:&quot;yes&quot;,&quot;speed&quot;:500,&quot;image_spacing_custom&quot;:{&quot;unit&quot;:&quot;px&quot;,&quot;size&quot;:20,&quot;sizes&quot;:[]},&quot;image_spacing_custom_tablet&quot;:{&quot;unit&quot;:&quot;px&quot;,&quot;size&quot;:&quot;&quot;,&quot;sizes&quot;:[]}}\" data-widget_type=\"image-carousel.default\">\n\t\t\t\t<div class=\"elementor-widget-container\">\n\t\t\t\t\t\t\t<div class=\"elementor-image-carousel-wrapper swiper\" role=\"region\" aria-roledescription=\"carousel\" aria-label=\"Karuzela obrazk\u00f3w\" dir=\"ltr\">\n\t\t\t<div class=\"elementor-image-carousel swiper-wrapper\" aria-live=\"off\">\n\t\t\t\t\t\t\t\t<div class=\"swiper-slide\" role=\"group\" aria-roledescription=\"slide\" aria-label=\"1 of 50\"><figure class=\"swiper-slide-inner\"><img decoding=\"async\" class=\"swiper-slide-image\" src=\"https:\/\/fisc-neuro.com.pl\/wp-content\/uploads\/2025\/11\/DSC08565-scaled.jpg\" alt=\"DSC08565\" \/><\/figure><\/div><div class=\"swiper-slide\" role=\"group\" aria-roledescription=\"slide\" aria-label=\"2 of 50\"><figure class=\"swiper-slide-inner\"><img decoding=\"async\" class=\"swiper-slide-image\" src=\"https:\/\/fisc-neuro.com.pl\/wp-content\/uploads\/2025\/11\/DSC08484-scaled.jpg\" alt=\"DSC08484\" \/><\/figure><\/div><div class=\"swiper-slide\" role=\"group\" aria-roledescription=\"slide\" aria-label=\"3 of 50\"><figure class=\"swiper-slide-inner\"><img decoding=\"async\" class=\"swiper-slide-image\" src=\"https:\/\/fisc-neuro.com.pl\/wp-content\/uploads\/2025\/11\/DSC08556-scaled.jpg\" alt=\"DSC08556\" \/><\/figure><\/div><div class=\"swiper-slide\" role=\"group\" aria-roledescription=\"slide\" aria-label=\"4 of 50\"><figure class=\"swiper-slide-inner\"><img decoding=\"async\" class=\"swiper-slide-image\" src=\"https:\/\/fisc-neuro.com.pl\/wp-content\/uploads\/2025\/11\/DSC08456-scaled.jpg\" alt=\"DSC08456\" \/><\/figure><\/div><div class=\"swiper-slide\" role=\"group\" aria-roledescription=\"slide\" aria-label=\"5 of 50\"><figure class=\"swiper-slide-inner\"><img decoding=\"async\" class=\"swiper-slide-image\" src=\"https:\/\/fisc-neuro.com.pl\/wp-content\/uploads\/2025\/11\/DSC08473-scaled.jpg\" alt=\"DSC08473\" \/><\/figure><\/div><div class=\"swiper-slide\" role=\"group\" aria-roledescription=\"slide\" aria-label=\"6 of 50\"><figure class=\"swiper-slide-inner\"><img decoding=\"async\" class=\"swiper-slide-image\" src=\"https:\/\/fisc-neuro.com.pl\/wp-content\/uploads\/2025\/11\/DSC08435-scaled.jpg\" alt=\"DSC08435\" \/><\/figure><\/div><div class=\"swiper-slide\" role=\"group\" aria-roledescription=\"slide\" aria-label=\"7 of 50\"><figure class=\"swiper-slide-inner\"><img decoding=\"async\" class=\"swiper-slide-image\" src=\"https:\/\/fisc-neuro.com.pl\/wp-content\/uploads\/2025\/11\/DSC08449-scaled.jpg\" alt=\"DSC08449\" \/><\/figure><\/div><div class=\"swiper-slide\" role=\"group\" aria-roledescription=\"slide\" aria-label=\"8 of 50\"><figure class=\"swiper-slide-inner\"><img decoding=\"async\" class=\"swiper-slide-image\" src=\"https:\/\/fisc-neuro.com.pl\/wp-content\/uploads\/2025\/11\/DSC08554-scaled.jpg\" alt=\"DSC08554\" \/><\/figure><\/div><div class=\"swiper-slide\" role=\"group\" aria-roledescription=\"slide\" aria-label=\"9 of 50\"><figure class=\"swiper-slide-inner\"><img decoding=\"async\" class=\"swiper-slide-image\" src=\"https:\/\/fisc-neuro.com.pl\/wp-content\/uploads\/2025\/11\/DSC08549-scaled.jpg\" alt=\"DSC08549\" \/><\/figure><\/div><div class=\"swiper-slide\" role=\"group\" aria-roledescription=\"slide\" aria-label=\"10 of 50\"><figure class=\"swiper-slide-inner\"><img decoding=\"async\" class=\"swiper-slide-image\" src=\"https:\/\/fisc-neuro.com.pl\/wp-content\/uploads\/2025\/11\/DSC08521-scaled.jpg\" alt=\"DSC08521\" \/><\/figure><\/div><div class=\"swiper-slide\" role=\"group\" aria-roledescription=\"slide\" aria-label=\"11 of 50\"><figure class=\"swiper-slide-inner\"><img decoding=\"async\" class=\"swiper-slide-image\" src=\"https:\/\/fisc-neuro.com.pl\/wp-content\/uploads\/2025\/11\/DSC08437-scaled.jpg\" alt=\"DSC08437\" \/><\/figure><\/div><div class=\"swiper-slide\" role=\"group\" aria-roledescription=\"slide\" aria-label=\"12 of 50\"><figure class=\"swiper-slide-inner\"><img decoding=\"async\" class=\"swiper-slide-image\" src=\"https:\/\/fisc-neuro.com.pl\/wp-content\/uploads\/2025\/11\/DSC08560-scaled.jpg\" alt=\"DSC08560\" \/><\/figure><\/div><div class=\"swiper-slide\" role=\"group\" aria-roledescription=\"slide\" aria-label=\"13 of 50\"><figure class=\"swiper-slide-inner\"><img decoding=\"async\" class=\"swiper-slide-image\" src=\"https:\/\/fisc-neuro.com.pl\/wp-content\/uploads\/2025\/11\/DSC08458-scaled.jpg\" alt=\"DSC08458\" \/><\/figure><\/div><div class=\"swiper-slide\" role=\"group\" aria-roledescription=\"slide\" aria-label=\"14 of 50\"><figure class=\"swiper-slide-inner\"><img decoding=\"async\" class=\"swiper-slide-image\" src=\"https:\/\/fisc-neuro.com.pl\/wp-content\/uploads\/2025\/11\/DSC08512-scaled.jpg\" alt=\"DSC08512\" \/><\/figure><\/div><div class=\"swiper-slide\" role=\"group\" aria-roledescription=\"slide\" aria-label=\"15 of 50\"><figure class=\"swiper-slide-inner\"><img decoding=\"async\" class=\"swiper-slide-image\" src=\"https:\/\/fisc-neuro.com.pl\/wp-content\/uploads\/2025\/11\/DSC08422-scaled.jpg\" alt=\"DSC08422\" \/><\/figure><\/div><div class=\"swiper-slide\" role=\"group\" aria-roledescription=\"slide\" aria-label=\"16 of 50\"><figure class=\"swiper-slide-inner\"><img decoding=\"async\" class=\"swiper-slide-image\" src=\"https:\/\/fisc-neuro.com.pl\/wp-content\/uploads\/2025\/11\/DSC08479-scaled.jpg\" alt=\"DSC08479\" \/><\/figure><\/div><div class=\"swiper-slide\" role=\"group\" aria-roledescription=\"slide\" aria-label=\"17 of 50\"><figure class=\"swiper-slide-inner\"><img decoding=\"async\" class=\"swiper-slide-image\" src=\"https:\/\/fisc-neuro.com.pl\/wp-content\/uploads\/2025\/11\/DSC08441-scaled.jpg\" alt=\"DSC08441\" \/><\/figure><\/div><div class=\"swiper-slide\" role=\"group\" aria-roledescription=\"slide\" aria-label=\"18 of 50\"><figure class=\"swiper-slide-inner\"><img decoding=\"async\" class=\"swiper-slide-image\" src=\"https:\/\/fisc-neuro.com.pl\/wp-content\/uploads\/2025\/11\/DSC08470-scaled.jpg\" alt=\"DSC08470\" \/><\/figure><\/div><div class=\"swiper-slide\" role=\"group\" aria-roledescription=\"slide\" aria-label=\"19 of 50\"><figure class=\"swiper-slide-inner\"><img decoding=\"async\" class=\"swiper-slide-image\" src=\"https:\/\/fisc-neuro.com.pl\/wp-content\/uploads\/2025\/11\/DSC08451-scaled.jpg\" alt=\"DSC08451\" \/><\/figure><\/div><div class=\"swiper-slide\" role=\"group\" aria-roledescription=\"slide\" aria-label=\"20 of 50\"><figure class=\"swiper-slide-inner\"><img decoding=\"async\" class=\"swiper-slide-image\" src=\"https:\/\/fisc-neuro.com.pl\/wp-content\/uploads\/2025\/11\/DSC08468-scaled.jpg\" alt=\"DSC08468\" \/><\/figure><\/div><div class=\"swiper-slide\" role=\"group\" aria-roledescription=\"slide\" aria-label=\"21 of 50\"><figure class=\"swiper-slide-inner\"><img decoding=\"async\" class=\"swiper-slide-image\" src=\"https:\/\/fisc-neuro.com.pl\/wp-content\/uploads\/2025\/11\/DSC08485-scaled.jpg\" alt=\"DSC08485\" \/><\/figure><\/div><div class=\"swiper-slide\" role=\"group\" aria-roledescription=\"slide\" aria-label=\"22 of 50\"><figure class=\"swiper-slide-inner\"><img decoding=\"async\" class=\"swiper-slide-image\" src=\"https:\/\/fisc-neuro.com.pl\/wp-content\/uploads\/2025\/11\/DSC08428-scaled.jpg\" alt=\"DSC08428\" \/><\/figure><\/div><div class=\"swiper-slide\" role=\"group\" aria-roledescription=\"slide\" aria-label=\"23 of 50\"><figure class=\"swiper-slide-inner\"><img decoding=\"async\" class=\"swiper-slide-image\" src=\"https:\/\/fisc-neuro.com.pl\/wp-content\/uploads\/2025\/11\/DSC08427-scaled.jpg\" alt=\"DSC08427\" \/><\/figure><\/div><div class=\"swiper-slide\" role=\"group\" aria-roledescription=\"slide\" aria-label=\"24 of 50\"><figure class=\"swiper-slide-inner\"><img decoding=\"async\" class=\"swiper-slide-image\" src=\"https:\/\/fisc-neuro.com.pl\/wp-content\/uploads\/2025\/11\/DSC08455-scaled.jpg\" alt=\"DSC08455\" \/><\/figure><\/div><div class=\"swiper-slide\" role=\"group\" aria-roledescription=\"slide\" aria-label=\"25 of 50\"><figure class=\"swiper-slide-inner\"><img decoding=\"async\" class=\"swiper-slide-image\" src=\"https:\/\/fisc-neuro.com.pl\/wp-content\/uploads\/2025\/11\/DSC08457-scaled.jpg\" alt=\"DSC08457\" \/><\/figure><\/div><div class=\"swiper-slide\" role=\"group\" aria-roledescription=\"slide\" aria-label=\"26 of 50\"><figure class=\"swiper-slide-inner\"><img decoding=\"async\" class=\"swiper-slide-image\" src=\"https:\/\/fisc-neuro.com.pl\/wp-content\/uploads\/2025\/11\/DSC08498-scaled.jpg\" alt=\"DSC08498\" \/><\/figure><\/div><div class=\"swiper-slide\" role=\"group\" aria-roledescription=\"slide\" aria-label=\"27 of 50\"><figure class=\"swiper-slide-inner\"><img decoding=\"async\" class=\"swiper-slide-image\" src=\"https:\/\/fisc-neuro.com.pl\/wp-content\/uploads\/2025\/11\/DSC08509-scaled.jpg\" alt=\"DSC08509\" \/><\/figure><\/div><div class=\"swiper-slide\" role=\"group\" aria-roledescription=\"slide\" aria-label=\"28 of 50\"><figure class=\"swiper-slide-inner\"><img decoding=\"async\" class=\"swiper-slide-image\" src=\"https:\/\/fisc-neuro.com.pl\/wp-content\/uploads\/2025\/11\/DSC08475-scaled.jpg\" alt=\"DSC08475\" \/><\/figure><\/div><div class=\"swiper-slide\" role=\"group\" aria-roledescription=\"slide\" aria-label=\"29 of 50\"><figure class=\"swiper-slide-inner\"><img decoding=\"async\" class=\"swiper-slide-image\" src=\"https:\/\/fisc-neuro.com.pl\/wp-content\/uploads\/2025\/11\/DSC08511-scaled.jpg\" alt=\"DSC08511\" \/><\/figure><\/div><div class=\"swiper-slide\" role=\"group\" aria-roledescription=\"slide\" aria-label=\"30 of 50\"><figure class=\"swiper-slide-inner\"><img decoding=\"async\" class=\"swiper-slide-image\" src=\"https:\/\/fisc-neuro.com.pl\/wp-content\/uploads\/2025\/11\/DSC08448-scaled.jpg\" alt=\"DSC08448\" \/><\/figure><\/div><div class=\"swiper-slide\" role=\"group\" aria-roledescription=\"slide\" aria-label=\"31 of 50\"><figure class=\"swiper-slide-inner\"><img decoding=\"async\" class=\"swiper-slide-image\" src=\"https:\/\/fisc-neuro.com.pl\/wp-content\/uploads\/2025\/11\/DSC08489-scaled.jpg\" alt=\"DSC08489\" \/><\/figure><\/div><div class=\"swiper-slide\" role=\"group\" aria-roledescription=\"slide\" aria-label=\"32 of 50\"><figure class=\"swiper-slide-inner\"><img decoding=\"async\" class=\"swiper-slide-image\" src=\"https:\/\/fisc-neuro.com.pl\/wp-content\/uploads\/2025\/11\/DSC08525-scaled.jpg\" alt=\"DSC08525\" \/><\/figure><\/div><div class=\"swiper-slide\" role=\"group\" aria-roledescription=\"slide\" aria-label=\"33 of 50\"><figure class=\"swiper-slide-inner\"><img decoding=\"async\" class=\"swiper-slide-image\" src=\"https:\/\/fisc-neuro.com.pl\/wp-content\/uploads\/2025\/11\/DSC08571-scaled.jpg\" alt=\"DSC08571\" \/><\/figure><\/div><div class=\"swiper-slide\" role=\"group\" aria-roledescription=\"slide\" aria-label=\"34 of 50\"><figure class=\"swiper-slide-inner\"><img decoding=\"async\" class=\"swiper-slide-image\" src=\"https:\/\/fisc-neuro.com.pl\/wp-content\/uploads\/2025\/11\/DSC08534-scaled.jpg\" alt=\"DSC08534\" \/><\/figure><\/div><div class=\"swiper-slide\" role=\"group\" aria-roledescription=\"slide\" aria-label=\"35 of 50\"><figure class=\"swiper-slide-inner\"><img decoding=\"async\" class=\"swiper-slide-image\" src=\"https:\/\/fisc-neuro.com.pl\/wp-content\/uploads\/2025\/11\/DSC08446-scaled.jpg\" alt=\"DSC08446\" \/><\/figure><\/div><div class=\"swiper-slide\" role=\"group\" aria-roledescription=\"slide\" aria-label=\"36 of 50\"><figure class=\"swiper-slide-inner\"><img decoding=\"async\" class=\"swiper-slide-image\" src=\"https:\/\/fisc-neuro.com.pl\/wp-content\/uploads\/2025\/11\/DSC08567-scaled.jpg\" alt=\"DSC08567\" \/><\/figure><\/div><div class=\"swiper-slide\" role=\"group\" aria-roledescription=\"slide\" aria-label=\"37 of 50\"><figure class=\"swiper-slide-inner\"><img decoding=\"async\" class=\"swiper-slide-image\" src=\"https:\/\/fisc-neuro.com.pl\/wp-content\/uploads\/2025\/11\/DSC08467-scaled.jpg\" alt=\"DSC08467\" \/><\/figure><\/div><div class=\"swiper-slide\" role=\"group\" aria-roledescription=\"slide\" aria-label=\"38 of 50\"><figure class=\"swiper-slide-inner\"><img decoding=\"async\" class=\"swiper-slide-image\" src=\"https:\/\/fisc-neuro.com.pl\/wp-content\/uploads\/2025\/11\/DSC08443-scaled.jpg\" alt=\"DSC08443\" \/><\/figure><\/div><div class=\"swiper-slide\" role=\"group\" aria-roledescription=\"slide\" aria-label=\"39 of 50\"><figure class=\"swiper-slide-inner\"><img decoding=\"async\" class=\"swiper-slide-image\" src=\"https:\/\/fisc-neuro.com.pl\/wp-content\/uploads\/2025\/11\/DSC08522-scaled.jpg\" alt=\"DSC08522\" \/><\/figure><\/div><div class=\"swiper-slide\" role=\"group\" aria-roledescription=\"slide\" aria-label=\"40 of 50\"><figure class=\"swiper-slide-inner\"><img decoding=\"async\" class=\"swiper-slide-image\" src=\"https:\/\/fisc-neuro.com.pl\/wp-content\/uploads\/2025\/11\/DSC08566-scaled.jpg\" alt=\"DSC08566\" \/><\/figure><\/div><div class=\"swiper-slide\" role=\"group\" aria-roledescription=\"slide\" aria-label=\"41 of 50\"><figure class=\"swiper-slide-inner\"><img decoding=\"async\" class=\"swiper-slide-image\" src=\"https:\/\/fisc-neuro.com.pl\/wp-content\/uploads\/2025\/11\/DSC08474-scaled.jpg\" alt=\"DSC08474\" \/><\/figure><\/div><div class=\"swiper-slide\" role=\"group\" aria-roledescription=\"slide\" aria-label=\"42 of 50\"><figure class=\"swiper-slide-inner\"><img decoding=\"async\" class=\"swiper-slide-image\" src=\"https:\/\/fisc-neuro.com.pl\/wp-content\/uploads\/2025\/11\/DSC08450-scaled.jpg\" alt=\"DSC08450\" \/><\/figure><\/div><div class=\"swiper-slide\" role=\"group\" aria-roledescription=\"slide\" aria-label=\"43 of 50\"><figure class=\"swiper-slide-inner\"><img decoding=\"async\" class=\"swiper-slide-image\" src=\"https:\/\/fisc-neuro.com.pl\/wp-content\/uploads\/2025\/11\/DSC08546-scaled.jpg\" alt=\"DSC08546\" \/><\/figure><\/div><div class=\"swiper-slide\" role=\"group\" aria-roledescription=\"slide\" aria-label=\"44 of 50\"><figure class=\"swiper-slide-inner\"><img decoding=\"async\" class=\"swiper-slide-image\" src=\"https:\/\/fisc-neuro.com.pl\/wp-content\/uploads\/2025\/11\/DSC08558-scaled.jpg\" alt=\"DSC08558\" \/><\/figure><\/div><div class=\"swiper-slide\" role=\"group\" aria-roledescription=\"slide\" aria-label=\"45 of 50\"><figure class=\"swiper-slide-inner\"><img decoding=\"async\" class=\"swiper-slide-image\" src=\"https:\/\/fisc-neuro.com.pl\/wp-content\/uploads\/2025\/11\/DSC08492-scaled.jpg\" alt=\"DSC08492\" \/><\/figure><\/div><div class=\"swiper-slide\" role=\"group\" aria-roledescription=\"slide\" aria-label=\"46 of 50\"><figure class=\"swiper-slide-inner\"><img decoding=\"async\" class=\"swiper-slide-image\" src=\"https:\/\/fisc-neuro.com.pl\/wp-content\/uploads\/2025\/11\/DSC08453-scaled.jpg\" alt=\"DSC08453\" \/><\/figure><\/div><div class=\"swiper-slide\" role=\"group\" aria-roledescription=\"slide\" aria-label=\"47 of 50\"><figure class=\"swiper-slide-inner\"><img decoding=\"async\" class=\"swiper-slide-image\" src=\"https:\/\/fisc-neuro.com.pl\/wp-content\/uploads\/2025\/11\/DSC08444-scaled.jpg\" alt=\"DSC08444\" \/><\/figure><\/div><div class=\"swiper-slide\" role=\"group\" aria-roledescription=\"slide\" aria-label=\"48 of 50\"><figure class=\"swiper-slide-inner\"><img decoding=\"async\" class=\"swiper-slide-image\" src=\"https:\/\/fisc-neuro.com.pl\/wp-content\/uploads\/2025\/11\/DSC08439-scaled.jpg\" alt=\"DSC08439\" \/><\/figure><\/div><div class=\"swiper-slide\" role=\"group\" aria-roledescription=\"slide\" aria-label=\"49 of 50\"><figure class=\"swiper-slide-inner\"><img decoding=\"async\" class=\"swiper-slide-image\" src=\"https:\/\/fisc-neuro.com.pl\/wp-content\/uploads\/2025\/11\/DSC08426-scaled.jpg\" alt=\"DSC08426\" \/><\/figure><\/div><div class=\"swiper-slide\" role=\"group\" aria-roledescription=\"slide\" aria-label=\"50 of 50\"><figure class=\"swiper-slide-inner\"><img decoding=\"async\" class=\"swiper-slide-image\" src=\"https:\/\/fisc-neuro.com.pl\/wp-content\/uploads\/2025\/11\/DSC08461-scaled.jpg\" alt=\"DSC08461\" \/><\/figure><\/div>\t\t\t<\/div>\n\t\t\t\t\t\t\t\n\t\t\t\t\t\t\t\t\t<\/div>\n\t\t\t\t\t\t<\/div>\n\t\t\t\t<\/div>\n\t\t\t\t\t<\/div>\n\t\t\t\t<\/div>\n\t\t<div class=\"elementor-element elementor-element-c6fbd9c e-flex e-con-boxed e-con e-parent\" data-id=\"c6fbd9c\" data-element_type=\"container\">\n\t\t\t\t\t<div class=\"e-con-inner\">\n\t\t\t\t<div class=\"elementor-element elementor-element-a017134 elementor-align-center elementor-widget elementor-widget-button\" data-id=\"a017134\" data-element_type=\"widget\" data-widget_type=\"button.default\">\n\t\t\t\t<div class=\"elementor-widget-container\">\n\t\t\t\t\t\t\t\t\t<div class=\"elementor-button-wrapper\">\n\t\t\t\t\t<a class=\"elementor-button elementor-button-link elementor-size-sm elementor-animation-pulse\" href=\"https:\/\/drive.google.com\/drive\/folders\/1UzixqMYVQMo9nVI8wq3zXdJMdVq6ignC?usp=share_link\">\n\t\t\t\t\t\t<span class=\"elementor-button-content-wrapper\">\n\t\t\t\t\t\t\t\t\t<span class=\"elementor-button-text\">All photos<\/span>\n\t\t\t\t\t<\/span>\n\t\t\t\t\t<\/a>\n\t\t\t\t<\/div>\n\t\t\t\t\t\t\t\t<\/div>\n\t\t\t\t<\/div>\n\t\t\t\t\t<\/div>\n\t\t\t\t<\/div>\n\t\t\t\t<\/div>\n\t\t","protected":false},"excerpt":{"rendered":"<p>THANK YOU On November 15th, 2025, the 9th edition of the International Student Conference \u201cFrontiers in Neurology, Neurophysiology, Neuropharmacology and Neurorehabilitation,\u201d organized by the Student Scientific Circle of Neurophysiologists of the Student Scientific Society at the Poznan University of Medical Sciences, took place. The conference was held in a hybrid format. It was officially endorsed [&hellip;]<\/p>\n","protected":false},"author":1,"featured_media":0,"parent":0,"menu_order":0,"comment_status":"closed","ping_status":"closed","template":"elementor_header_footer","meta":{"footnotes":""},"class_list":["post-643","page","type-page","status-publish","hentry"],"_links":{"self":[{"href":"https:\/\/fisc-neuro.com.pl\/index.php?rest_route=\/wp\/v2\/pages\/643","targetHints":{"allow":["GET"]}}],"collection":[{"href":"https:\/\/fisc-neuro.com.pl\/index.php?rest_route=\/wp\/v2\/pages"}],"about":[{"href":"https:\/\/fisc-neuro.com.pl\/index.php?rest_route=\/wp\/v2\/types\/page"}],"author":[{"embeddable":true,"href":"https:\/\/fisc-neuro.com.pl\/index.php?rest_route=\/wp\/v2\/users\/1"}],"replies":[{"embeddable":true,"href":"https:\/\/fisc-neuro.com.pl\/index.php?rest_route=%2Fwp%2Fv2%2Fcomments&post=643"}],"version-history":[{"count":16,"href":"https:\/\/fisc-neuro.com.pl\/index.php?rest_route=\/wp\/v2\/pages\/643\/revisions"}],"predecessor-version":[{"id":711,"href":"https:\/\/fisc-neuro.com.pl\/index.php?rest_route=\/wp\/v2\/pages\/643\/revisions\/711"}],"wp:attachment":[{"href":"https:\/\/fisc-neuro.com.pl\/index.php?rest_route=%2Fwp%2Fv2%2Fmedia&parent=643"}],"curies":[{"name":"wp","href":"https:\/\/api.w.org\/{rel}","templated":true}]}}